k - 76 = -5*k + s*b, -b = -2*k + 31. What are the prime factors of k?
2
Let k be 6/(-9) + 326/3. Suppose -k = n - 10*n. List the prime factors of n.
2, 3
Let r = 137 + -235. Let n = r + 214. List the prime factors of n.
2, 29
Let l(n) = 8*n + 12*n - 18*n. Let p be l(-1). List the prime factors of 4*p/(12/(-9)).
2, 3
Suppose -107 - 73 = 4*u. List the prime factors of (-60)/u + (-173)/(-3).
59
Suppose 2*q = 746 - 76. What are the prime factors of q?
5, 67
Let i(j) = -36*j - 9. Let r(a) = -7*a - 2. Let t be ((-3)/(-9))/(5/60). Let m(f) = t*i(f) - 21*r(f). List the prime factors of m(12).
2, 3, 7
Suppose -2*k - k = r - 92, -2*k - 309 = -3*r. What are the prime factors of r?
101
List the prime factors of -879*(6 - 184/24).
5, 293
Let j(h) = 116*h**3 - 3*h - 117*h**3 + 5*h - 5 - 3*h**2. Let a be j(-4). Suppose -5 - 64 = -a*t. List the prime factors of t.
23
Let r(c) = 2*c**3 - 18*c**2 + 2*c - 18. Let s be r(9). Suppose -5*d - 903 = -4*l, 2*l + s*d = -2*d + 474. List the prime factors of l.
2, 29
Suppose 2*d - 6 - 7 = 3*i, 0 = 3*d + 2*i. Let z(n) = 34*n**3 + 3*n**2 - 5. List the prime factors of z(d).
3, 31
Let t(r) = 9*r**2 + 1. Let s be t(-1). Let u(z) = z**2 + 8*z - 10. Let v be u(s). Suppose -4*a - a = -v. What are the prime factors of a?
2, 17
Let l = -306 - -1036. What are the prime factors of l?
2, 5, 73
Let g = 1999 + -940. List the prime factors of g.
3, 353
Let m(v) = 16*v + 10. Suppose 4*w = -6*w + 90. List the prime factors of m(w).
2, 7, 11
Let m(h) = 2*h - 3. Let s be m(3). Suppose -s*r - 4 = -13. Suppose 0 = -3*q + 108 + r. What are the prime factors of q?
37
Let a = -25 - -30. Suppose -6 = 3*x, -4*z - a*x = -31 - 19. What are the prime factors of z?
3, 5
List the prime factors of (-258)/(-4)*(-16)/(-2).
2, 3, 43
Let h = 217 + -143. Let l = h - 44. What are the prime factors of l?
2, 3, 5
Suppose 4*d + 1643 = g, g + 4*d = 3*g - 3306. List the prime factors of g.
1663
Let p(d) = -3*d**3 - 2*d**2 - 3. Let a be p(-3). Suppose -3*u - a = u. Let v = 39 + u. What are the prime factors of v?
2, 3
List the prime factors of (3 + 0 - 0 - -1) + 233.
3, 79
Let x(r) = -5*r**3 - 3*r**2 - 4*r - 8. Let o be x(-3). Let s = o + -50. What are the prime factors of s?
2, 31
Let y(l) = -142*l - 1. Suppose 27*d + 2 = 25*d. What are the prime factors of y(d)?
3, 47
Let m(z) = z**3 - 7*z**2 + z - 7. Let o = 18 + -11. Let r be m(o). Suppose 3*j + 20 - 51 = -4*v, 2*j - 2*v - 44 = r. What are the prime factors of j?
17
Let i(j) = 435*j**2 + 11*j + 9. List the prime factors of i(-1).
433
Suppose 0 = -2*i - 5*j - 0*j + 2229, 2*j + 3353 = 3*i. List the prime factors of i.
1117
Let r = 54 + -34. Suppose -3*h - 12 = 4*y, -5*h = -10*h - 5*y - r. What are the prime factors of (-410)/(-8) + h/16?
3, 17
Suppose -15*s = -204 + 24. What are the prime factors of ((-78)/s)/((-2)/8)?
2, 13
List the prime factors of 159/(4 + -1)*(0 - -21).
3, 7, 53
Suppose 0*z + 10 = 5*z. Suppose -108 = -4*d - f, 0 = -3*d - z*f + 85 - 9. What are the prime factors of d?
2, 7
Let z be -2 - -8*(-1 - 0). What are the prime factors of 98*1*z/(-20)?
7
Let i be (-24)/(-14) + 4/14. Suppose -m + 90 = i*m. Suppose m + 5 = 5*p. List the prime factors of p.
7
Let c(p) = 1 + 27*p**2 + 50*p**2 + p + 23*p**2. What are the prime factors of c(-1)?
2, 5
Let s be (-14)/91 - (-2362)/(-26). Let n = s + 156. List the prime factors of n.
5, 13
Suppose -5*m = -5*w - 590, 195 = 2*m + 2*w - 25. Suppose t = -4*t + 70. Suppose m = 5*d + t. What are the prime factors of d?
2, 5
Suppose 0 = -7*s + 4*s + 15. Suppose -21 = k - s*m, -3*k + 0*k - m = -1. Let f = 14 + k. What are the prime factors of f?
13
Let g be (-1)/1 + 776/8. Let d = 2 + 1. Suppose g = d*q - q. What are the prime factors of q?
2, 3
Let p = -245 + 114. Let c = -71 - p. List the prime factors of c.
2, 3, 5
List the prime factors of (7 - 3) + 2*-2 - -483.
3, 7, 23
Let d(z) = z + 14. Let c(o) = -o**3 + 9*o**2 - 8*o + 5. Let p be c(8). What are the prime factors of d(p)?
19
Let q(h) = h**3 + 3*h**2 - 4*h - 4. Let t(g) = -g**3 + 7*g**2 + 9*g - 8. Let m be t(8). Suppose m = -4*o - o - 15. List the prime factors of q(o).
2
List the prime factors of 50*7 - (-5 + -4 + 6).
353
Let x = -10 + 30. Let c be (10/x)/(1/(-78)). Let y = c - -75. What are the prime factors of y?
2, 3
Let w(i) = 40*i**3 - i**2 + i. Let x be w(1). Suppose b + b = -x. Let a = b + 35. List the prime factors of a.
3, 5
List the prime factors of 4226/10 - (-142)/355.
3, 47
Let a(r) = 0*r**3 - 11 - r**2 + 5*r**2 + 10*r + 6*r**2 + r**3. Let g be a(-9). Let n = 56 + g. What are the prime factors of n?
2, 3
Suppose 4*d - 368 = -x, 0 = 5*d - 3*x - 421 - 22. Suppose -359 + d = -2*l. List the prime factors of l.
2, 67
Suppose -i - 346 = 4*v, -2*v - 2*i - 151 - 19 = 0. Let k = 93 + v. What are the prime factors of k?
2, 3
Suppose 3*z - 7*z + 22 = 5*n, n - 5 = -z. Let f be (-3)/(-6) + 311/n. Suppose 4*s + 2*t - f = 0, -5*t + 32 = s - 25. List the prime factors of s.
37
Let t(q) = 194*q - 125. What are the prime factors of t(8)?
1427
Let z(n) be the third derivative of n**6/6 + n**5/60 - n**3/6 - 2*n**2. Let c be 18/15 - 4/20. List the prime factors of z(c).
2, 5
Suppose 5*r = 4*f - 3604, 4*f = -0*r - 4*r + 3640. List the prime factors of f.
2, 3, 151
Let n(k) = 40*k**2 - 28*k + 65. What are the prime factors of n(10)?
5, 757
Let w be (275 - 3 - -4) + 0. Suppose 2*u - w = -2*u. Suppose -3*j = j - 4*n - 120, n - u = -2*j. What are the prime factors of j?
3, 11
Let i be ((-723)/9)/(3/(-9)). Suppose j - 143 = -3*p, 6*p + 3*j = p + i. What are the prime factors of p?
47
Suppose -46*v = -28*v - 74124. List the prime factors of v.
2, 29, 71
Suppose -120956 = -103*i - 29183. What are the prime factors of i?
3, 11
Suppose 4*f + s = -3*s, -f + 4*s = 15. Let k(l) = -l + 0*l - 2*l - 4*l - 4. List the prime factors of k(f).
17
Let q(d) = d**2 - 13*d + 12. Let b be 2 + 5/((-5)/(-2)). Suppose -21 = -l + b*o, -17 - 26 = -3*l + 2*o. What are the prime factors of q(l)?
2, 3
Let p(t) = -t**3 - 10*t**2 - 40*t + 6. List the prime factors of p(-10).
2, 7, 29
What are the prime factors of ((-24)/(-10))/((-19)/(-665))?
2, 3, 7
Let r(d) = 14*d**2 + 3*d + 2. Let l be r(-1). Let h = 23 - l. Let v = 14 - h. What are the prime factors of v?
2
Let c(u) = -2*u + 33. Let b be c(15). Suppose z - 369 + 75 = 2*l, -4*z + 1143 = b*l. What are the prime factors of z?
2, 3
Let m = 0 - 2. Let h = 5 - 3. List the prime factors of (h + 25)*m/(-3).
2, 3
Let s(h) = -3*h**3 + 2*h**2 - 2*h. Let i(n) = -n**3 - n. Let a(d) = 4*i(d) - s(d). Let q = -77 + 73. List the prime factors of a(q).
2, 5
What are the prime factors of ((-30330)/(-225))/(3/15*1)?
2, 337
Let r(b) = -b**2 + 86*b + 2016. What are the prime factors of r(0)?
2, 3, 7
Suppose -1758 - 349 = -7*n. Suppose 4*q - n = 259. List the prime factors of q.
2, 5, 7
Let z = -34 + 37. Suppose -3*y - 2*y + 450 = -4*j, -5*j = -z*y + 270. List the prime factors of y.
2, 3, 5
Let n be (19 - 6/2)*(-13)/(-4). Suppose -5*y + 238 = -2*c - 2*c, y - 3*c - n = 0. List the prime factors of y.
2, 23
Let h(d) = -d**3 - 6*d**2 + 6*d - 3. Let o be h(-7). Let m be 160/14*(-7)/(-2). Suppose -76 = -4*q + o*f, f = -2*q + 4*f + m. What are the prime factors of q?
17
Let s be (12/(-5))/(2/10). Let h be (4/s)/1*-9. Suppose -5*d = -h*t - 50, -3*d - 4*t = -2*d - 10. What are the prime factors of d?
2, 5
Let c(r) = -r**3 + 6*r**2 - 3*r + 6. Let q be c(6). What are the prime factors of (-3)/(-18) + (-454)/q?
2, 19
Let k = 226 + -109. Suppose -3*s + 22 = -b + 69, -k = -3*b - 3*s. List the prime factors of b.
41
Let s = -19 - 1. Let h = s + 41. List the prime factors of h.
3, 7
Suppose -3*d = 39 - 255. Suppose 98 = -2*n - z, -4*n + 6*z - 196 = z. Let h = d + n. What are the prime factors of h?
23
Suppose 5*x = -h - 21, h - 3*x = -x + 14. Suppose -2*q + 27 = -5*g, -h*q = -5*g - 21 - 8. Let c = q - -10. What are the prime factors of c?
11
Suppose 4*k = 3*k. Suppose c + k*l - 71 = 4*l, 0 = 4*c + 2*l - 302. Suppose -c = -2*x - x. What are the prime factors of x?
5
Let y(l) be the third derivative of l**6/120 + l**5/12 - l**4/4 + 2*l**3 + 29*l**2. Let v be (-2)/3 - 80/15. List the prime factors of y(v).
2, 3
Let y(z) = 10*z**3 + 3*z**2 - 4*z + 3. Let x(n) = 5*n**3 + 2*n**2 - 2*n + 1. Let c(r) = 5*x(r) - 2*y(r). List the prime facto